tors of 2488.
2, 311
What are the prime factors of 733?
733
What are the prime factors of 5727?
3, 23, 83
List the prime factors of 78201.
3, 8689
List the prime factors of 71824.
2, 67
What are the prime factors of 322?
2, 7, 23
List the prime factors of 770.
2, 5, 7, 11
What are the prime factors of 806?
2, 13, 31
List the prime factors of 6354.
2, 3, 353
What are the prime factors of 61366?
2, 61, 503
What are the prime factors of 1335?
3, 5, 89
List the prime factors of 90375.
3, 5, 241
List the prime factors of 505.
5, 101
What are the prime factors of 12681?
3, 1409
List the prime factors of 22634.
2, 11317
List the prime factors of 15289.
15289
List the prime factors of 1087.
1087
What are the prime factors of 608?
2, 19
What are the prime factors of 127135?
5, 47, 541
List the prime factors of 7242.
2, 3, 17, 71
What are the prime factors of 126?
2, 3, 7
What are the prime factors of 6836?
2, 1709
List the prime factors of 4810.
2, 5, 13, 37
What are the prime factors of 33624?
2, 3, 467
What are the prime factors of 1261?
13, 97
List the prime factors of 1914.
2, 3, 11, 29
What are the prime factors of 658?
2, 7, 47
List the prime factors of 1090.
2, 5, 109
List the prime factors of 143242.
2, 11, 17, 383
List the prime factors of 41034.
2, 3, 7, 977
List the prime factors of 2448.
2, 3, 17
List the prime factors of 29366.
2, 14683
What are the prime factors of 41190?
2, 3, 5, 1373
What are the prime factors of 69571?
29, 2399
List the prime factors of 19740.
2, 3, 5, 7, 47
What are the prime factors of 1859?
11, 13
What are the prime factors of 7096?
2, 887
What are the prime factors of 759?
3, 11, 23
What are the prime factors of 105?
3, 5, 7
What are the prime factors of 24535?
5, 7, 701
List the prime factors of 5086.
2, 2543
What are the prime factors of 49169?
49169
List the prime factors of 2236.
2, 13, 43
List the prime factors of 6608.
2, 7, 59
What are the prime factors of 110?
2, 5, 11
What are the prime factors of 34677?
3, 3853
List the prime factors of 87451.
7, 13, 31
List the prime factors of 14801.
19, 41
List the prime factors of 5627.
17, 331
List the prime factors of 7078.
2, 3539
What are the prime factors of 8896?
2, 139
What are the prime factors of 87169?
61, 1429
What are the prime factors of 5444?
2, 1361
List the prime factors of 268.
2, 67
What are the prime factors of 3744?
2, 3, 13
What are the prime factors of 10757?
31, 347
What are the prime factors of 1037?
17, 61
What are the prime factors of 9722?
2, 4861
List the prime factors of 22845.
3, 5, 1523
List the prime factors of 153209.
7, 43, 509
What are the prime factors of 704?
2, 11
List the prime factors of 1604.
2, 401
What are the prime factors of 1122?
2, 3, 11, 17
List the prime factors of 49115.
5, 11, 19, 47
List the prime factors of 727.
727
List the prime factors of 28353.
3, 13, 727
List the prime factors of 2229.
3, 743
What are the prime factors of 7955?
5, 37, 43
List the prime factors of 2469.
3, 823
List the prime factors of 1877.
1877
List the prime factors of 88340.
2, 5, 7, 631
List the prime factors of 99124.
2, 24781
List the prime factors of 1408.
2, 11
What are the prime factors of 1970?
2, 5, 197
What are the prime factors of 10246?
2, 47, 109
List the prime factors of 600.
2, 3, 5
List the prime factors of 1844.
2, 461
What are the prime factors of 542?
2, 271
What are the prime factors of 5700?
2, 3, 5, 19
List the prime factors of 5147.
5147
What are the prime factors of 6158?
2, 3079
List the prime factors of 19320.
2, 3, 5, 7, 23
What are the prime factors of 3239?
41, 79
What are the prime factors of 1470?
2, 3, 5, 7
List the prime factors of 33740.
2, 5, 7, 241
List the prime factors of 5709.
3, 11, 173
List the prime factors of 1993.
1993
What are the prime factors of 5500?
2, 5, 11
List the prime factors of 18171.
3, 673
List the prime factors of 21292.
2, 5323
What are the prime factors of 9569?
7, 1367
What are the prime factors of 3411?
3, 379
What are the prime factors of 722?
2, 19
What are the prime factors of 192227?
7, 3923
List the prime factors of 713.
23, 31
What are the prime factors of 3703?
7, 23
List the prime factors of 729.
3
What are the prime factors of 21480?
2, 3, 5, 179
List the prime factors of 126570.
2, 3, 5, 4219
List the prime factors of 115353.
3, 7, 1831
List the prime factors of 5560.
2, 5, 139
What are the prime factors of 35470?
2, 5, 3547
List the prime factors of 224.
2, 7
List the prime factors of 10408.
2, 1301
List the prime factors of 851.
23, 37
List the prime factors of 845.
5, 13
What are the prime factors of 19184?
2, 11, 109
List the prime factors of 539.
7, 11
What are the prime factors of 15187?
15187
List the prime factors of 2920.
2, 5, 73
What are the prime factors of 7541?
7541
List the prime factors of 27537.
3, 67, 137
List the prime factors of 1029.
3, 7
What are the prime factors of 37786?
2, 7, 2699
List the prime factors of 8904.
2, 3, 7, 53
What are the prime factors of 33803?
7, 11, 439
What are the prime factors of 261?
3, 29
List the prime factors of 1300.
2, 5, 13
What are the prime factors of 33305?
5, 6661
What are the prime factors of 2332?
2, 11, 53
What are the prime factors of 3511?
3511
What are the prime factors of 29279?
19, 23, 67
What are the prime factors of 22838?
2, 19, 601
List the prime factors of 72926.
2, 7, 5209
What are the prime factors of 13150?
2, 5, 263
What are the prime factors of 3128?
2, 17, 23
List the prime factors of 3647.
7, 521
List the prime factors of 13946.
2, 19, 367
List the prime factors of 8135.
5, 1627
List the prime factors of 609.
3, 7, 29
What are the prime factors of 12397?
7, 11, 23
List the prime factors of 7303.
67, 109
What are the prime factors of 14905?
5, 11, 271
List the prime factors of 855.
3, 5, 19
List the prime factors of 885.
3, 5, 59
What are the prime factors of 98313?
3, 32771
What are the prime factors of 1149?
3, 383
List the prime factors of 1425.
3, 5, 19
What are the prime factors of 1157?
13, 89
What are the prime factors of 10435?
5, 2087
What are the prime factors of 8271?
3, 919
List the prime factors of 9102.
2, 3, 37, 41
List the prime factors of 2787.
3, 929
List the prime factors of 6.
2, 3
What are the prime factors of 20249?
20249
What are the prime factors of 6097?
7, 13, 67
List the prime factors of 85321.
41, 2081
What are the prime factors of 45026?
2, 47, 479
What are the prime factors of 4350?
2, 3, 5, 29
What are the prime factors of 2809?
53
List the prime factors of 12953.
12953
What are the prime factors of 106316?
2, 7, 3797
List the prime factors of 88578.
2, 3, 7, 19, 37
What are the prime factors of 513?
3, 19
List the prime factors of 72030.
2, 3, 5, 7
List the prime factors of 1122.
2, 3, 11, 17
List the prime factors of 49639.
49639
List the prime factors of 5922.
2, 3, 7, 47
What are the prime factors of 402?
2, 3, 67
What are the prime factors of 8?
2
What are the prime factors of 17902?
2, 8951
List the prime factors of 8697.
3, 13, 223
What are the prime factors of 9142?
2, 7, 653
What are the prime factors of 377?
13, 29
What are the prime factors of 8460?
2, 3, 5, 47
List the prime factors of 149.
149
What are the prime factors of 10402?
2, 7, 743
List the prime factors of 71107.
211, 337
List the prime factors of 2720.
2, 5, 17
List the prime factors of 40488.
2, 3, 7, 241
List the prime factors of 2278.
2, 17, 67
List the prime factors of 2223.
3, 13, 19
What are the prime factors of 1024?
2
What are the prime factors of 624?
2, 3, 13
List the prime factors of 39.
3, 13
List the prime factors of 56860.
2, 5, 2843
What are the prime factors of 4043?
13, 311
What are the prime factors of 134545?
5, 71, 379
List the prime factors of 3006.
2, 3, 167
List the prime factors of 1896.
2, 3, 79
List the prime factors of 669.
3, 223
List the prime factors of 2860.
2, 5, 11, 13
List the prime factors of 1713.
3, 571
What are the prime factors of 614?
2, 307
List the prime factors of 43065.
3, 5, 11, 29
What are the prime factors of 1517?
37, 41
What are the prime factors of 8674?
2, 4337
List the prime factors of 23273.
17, 37
List the prime factors of 1671.
3, 557
What are the prime factors of 21661?
21661
List the prime factors of 5853.
3, 1951
List the prime fac